[INFO] cloning repository https://github.com/ayush-ji/rnum
[INFO] running `Command { std: "git" "-c" "credential.helper=" "-c" "credential.helper=/workspace/cargo-home/bin/git-credential-null" "clone" "--bare" "https://github.com/ayush-ji/rnum" "/workspace/cache/git-repos/https%3A%2F%2Fgithub.com%2Fayush-ji%2Frnum", kill_on_drop: false }`
[INFO] [stderr] Cloning into bare repository '/workspace/cache/git-repos/https%3A%2F%2Fgithub.com%2Fayush-ji%2Frnum'...
[INFO] running `Command { std: "git" "rev-parse" "HEAD", kill_on_drop: false }`
[INFO] [stdout] a852043abceb0f103fe215a0e29942b71ec4452a
[INFO] checking ayush-ji/rnum against master#9610dfe5a9a731ced1ea4923ecbd0c57fe367898 for beta-170-4
[INFO] running `Command { std: "git" "clone" "/workspace/cache/git-repos/https%3A%2F%2Fgithub.com%2Fayush-ji%2Frnum" "/workspace/builds/worker-5-tc1/source", kill_on_drop: false }`
[INFO] [stderr] Cloning into '/workspace/builds/worker-5-tc1/source'...
[INFO] [stderr] done.
[INFO] validating manifest of git repo https://github.com/ayush-ji/rnum on toolchain 9610dfe5a9a731ced1ea4923ecbd0c57fe367898
[INFO] running `Command { std: CARGO_HOME="/workspace/cargo-home" RUSTUP_HOME="/workspace/rustup-home" "/workspace/cargo-home/bin/cargo" "+9610dfe5a9a731ced1ea4923ecbd0c57fe367898" "metadata" "--manifest-path" "Cargo.toml" "--no-deps", kill_on_drop: false }`
[INFO] started tweaking git repo https://github.com/ayush-ji/rnum
[INFO] finished tweaking git repo https://github.com/ayush-ji/rnum
[INFO] tweaked toml for git repo https://github.com/ayush-ji/rnum written to /workspace/builds/worker-5-tc1/source/Cargo.toml
[INFO] crate git repo https://github.com/ayush-ji/rnum already has a lockfile, it will not be regenerated
[INFO] running `Command { std: CARGO_HOME="/workspace/cargo-home" RUSTUP_HOME="/workspace/rustup-home" "/workspace/cargo-home/bin/cargo" "+9610dfe5a9a731ced1ea4923ecbd0c57fe367898" "fetch" "--manifest-path" "Cargo.toml", kill_on_drop: false }`
[INFO] running `Command { std: "docker" "create" "-v" "/var/lib/crater-agent-workspace/builds/worker-5-tc1/target:/opt/rustwide/target:rw,Z" "-v" "/var/lib/crater-agent-workspace/builds/worker-5-tc1/source:/opt/rustwide/workdir:ro,Z" "-v" "/var/lib/crater-agent-workspace/cargo-home:/opt/rustwide/cargo-home:ro,Z" "-v" "/var/lib/crater-agent-workspace/rustup-home:/opt/rustwide/rustup-home:ro,Z" "-e" "SOURCE_DIR=/opt/rustwide/workdir" "-e" "CARGO_TARGET_DIR=/opt/rustwide/target" "-e" "CARGO_HOME=/opt/rustwide/cargo-home" "-e" "RUSTUP_HOME=/opt/rustwide/rustup-home" "-w" "/opt/rustwide/workdir" "-m" "1610612736" "--user" "0:0" "--network" "none" "ghcr.io/rust-lang/crates-build-env/linux@sha256:19e73879b68f455e41552ea35293514db52ea292d993f571636dbffedb77a1ee" "/opt/rustwide/cargo-home/bin/cargo" "+9610dfe5a9a731ced1ea4923ecbd0c57fe367898" "metadata" "--no-deps" "--format-version=1", kill_on_drop: false }`
[INFO] [stdout] 80284d230b7645b2ca254f9ba198e99517be5b3576946e62cfd29cb6f1a3473d
[INFO] running `Command { std: "docker" "start" "-a" "80284d230b7645b2ca254f9ba198e99517be5b3576946e62cfd29cb6f1a3473d", kill_on_drop: false }`
[INFO] running `Command { std: "docker" "inspect" "80284d230b7645b2ca254f9ba198e99517be5b3576946e62cfd29cb6f1a3473d", kill_on_drop: false }`
[INFO] running `Command { std: "docker" "rm" "-f" "80284d230b7645b2ca254f9ba198e99517be5b3576946e62cfd29cb6f1a3473d", kill_on_drop: false }`
[INFO] [stdout] 80284d230b7645b2ca254f9ba198e99517be5b3576946e62cfd29cb6f1a3473d
[INFO] running `Command { std: "docker" "create" "-v" "/var/lib/crater-agent-workspace/builds/worker-5-tc1/target:/opt/rustwide/target:rw,Z" "-v" "/var/lib/crater-agent-workspace/builds/worker-5-tc1/source:/opt/rustwide/workdir:ro,Z" "-v" "/var/lib/crater-agent-workspace/cargo-home:/opt/rustwide/cargo-home:ro,Z" "-v" "/var/lib/crater-agent-workspace/rustup-home:/opt/rustwide/rustup-home:ro,Z" "-e" "SOURCE_DIR=/opt/rustwide/workdir" "-e" "CARGO_TARGET_DIR=/opt/rustwide/target" "-e" "CARGO_INCREMENTAL=0" "-e" "RUST_BACKTRACE=full" "-e" "RUSTFLAGS=--cap-lints=forbid" "-e" "RUSTDOCFLAGS=--cap-lints=forbid" "-e" "CARGO_HOME=/opt/rustwide/cargo-home" "-e" "RUSTUP_HOME=/opt/rustwide/rustup-home" "-w" "/opt/rustwide/workdir" "-m" "1610612736" "--user" "0:0" "--network" "none" "ghcr.io/rust-lang/crates-build-env/linux@sha256:19e73879b68f455e41552ea35293514db52ea292d993f571636dbffedb77a1ee" "/opt/rustwide/cargo-home/bin/cargo" "+9610dfe5a9a731ced1ea4923ecbd0c57fe367898" "check" "--frozen" "--all" "--all-targets" "--message-format=json", kill_on_drop: false }`
[INFO] [stdout] 0c5e4637e69590d7601573673d94ff55e1a79e5e6de47c43b6c80b771181b3aa
[INFO] running `Command { std: "docker" "start" "-a" "0c5e4637e69590d7601573673d94ff55e1a79e5e6de47c43b6c80b771181b3aa", kill_on_drop: false }`
[INFO] [stderr]    Compiling libc v0.2.97
[INFO] [stderr]     Checking ppv-lite86 v0.2.10
[INFO] [stderr]     Checking getrandom v0.2.3
[INFO] [stderr]     Checking rand_core v0.6.3
[INFO] [stderr]     Checking rand_chacha v0.3.1
[INFO] [stderr]     Checking rand v0.8.4
[INFO] [stderr]     Checking rnum v0.1.0 (/opt/rustwide/workdir)
[INFO] [stdout] error[E0277]: can't compare `String` with `(String, String)`
[INFO] [stdout]  --> src/test/mod.rs:9:5
[INFO] [stdout]   |
[INFO] [stdout] 9 |     assert_eq!(test_vec, logic::parse(vec![String::from("hello")]))
[INFO] [stdout]   |     ^^^^^^^^^^^^^^^^^^^^^^^^^^^^^^^^^^^^^^^^^^^^^^^^^^^^^^^^^^^^^^^ no implementation for `String == (String, String)`
[INFO] [stdout]   |
[INFO] [stdout]   = help: the trait `PartialEq<(String, String)>` is not implemented for `String`
[INFO] [stdout]   = help: the following other types implement trait `PartialEq<Rhs>`:
[INFO] [stdout]             <String as PartialEq<&'a str>>
[INFO] [stdout]             <String as PartialEq<Cow<'a, str>>>
[INFO] [stdout]             <String as PartialEq<str>>
[INFO] [stdout]             <String as PartialEq>
[INFO] [stdout]   = note: required for `Vec<String>` to implement `PartialEq<Vec<(String, String)>>`
[INFO] [stdout]   = note: this error originates in the macro `assert_eq` (in Nightly builds, run with -Z macro-backtrace for more info)
[INFO] [stdout] 
[INFO] [stdout] 
[INFO] [stdout] error[E0277]: can't compare `String` with `(String, String)`
[INFO] [stdout]   --> src/test/mod.rs:16:5
[INFO] [stdout]    |
[INFO] [stdout] 16 |     assert_eq!(test_vect.clone(), logic::parse(test_vect));
[INFO] [stdout]    |     ^^^^^^^^^^^^^^^^^^^^^^^^^^^^^^^^^^^^^^^^^^^^^^^^^^^^^^ no implementation for `String == (String, String)`
[INFO] [stdout]    |
[INFO] [stdout]    = help: the trait `PartialEq<(String, String)>` is not implemented for `String`
[INFO] [stdout]    = help: the following other types implement trait `PartialEq<Rhs>`:
[INFO] [stdout]              <String as PartialEq<&'a str>>
[INFO] [stdout]              <String as PartialEq<Cow<'a, str>>>
[INFO] [stdout]              <String as PartialEq<str>>
[INFO] [stdout]              <String as PartialEq>
[INFO] [stdout]    = note: required for `Vec<String>` to implement `PartialEq<Vec<(String, String)>>`
[INFO] [stdout]    = note: this error originates in the macro `assert_eq` (in Nightly builds, run with -Z macro-backtrace for more info)
[INFO] [stdout] 
[INFO] [stdout] 
[INFO] [stdout] error[E0277]: can't compare `String` with `(String, String)`
[INFO] [stdout]   --> src/test/mod.rs:30:5
[INFO] [stdout]    |
[INFO] [stdout] 30 |     assert_eq!(test_vect.clone(), logic::parse(test_vect));
[INFO] [stdout]    |     ^^^^^^^^^^^^^^^^^^^^^^^^^^^^^^^^^^^^^^^^^^^^^^^^^^^^^^ no implementation for `String == (String, String)`
[INFO] [stdout]    |
[INFO] [stdout]    = help: the trait `PartialEq<(String, String)>` is not implemented for `String`
[INFO] [stdout]    = help: the following other types implement trait `PartialEq<Rhs>`:
[INFO] [stdout]              <String as PartialEq<&'a str>>
[INFO] [stdout]              <String as PartialEq<Cow<'a, str>>>
[INFO] [stdout]              <String as PartialEq<str>>
[INFO] [stdout]              <String as PartialEq>
[INFO] [stdout]    = note: required for `Vec<String>` to implement `PartialEq<Vec<(String, String)>>`
[INFO] [stdout]    = note: this error originates in the macro `assert_eq` (in Nightly builds, run with -Z macro-backtrace for more info)
[INFO] [stdout] 
[INFO] [stdout] 
[INFO] [stdout] error: aborting due to 3 previous errors
[INFO] [stdout] 
[INFO] [stdout] 
[INFO] [stdout] For more information about this error, try `rustc --explain E0277`.
[INFO] [stdout] 
[INFO] [stderr] error: could not compile `rnum` (lib test) due to 4 previous errors
[INFO] [stderr] warning: build failed, waiting for other jobs to finish...
[INFO] running `Command { std: "docker" "inspect" "0c5e4637e69590d7601573673d94ff55e1a79e5e6de47c43b6c80b771181b3aa", kill_on_drop: false }`
[INFO] running `Command { std: "docker" "rm" "-f" "0c5e4637e69590d7601573673d94ff55e1a79e5e6de47c43b6c80b771181b3aa", kill_on_drop: false }`
[INFO] [stdout] 0c5e4637e69590d7601573673d94ff55e1a79e5e6de47c43b6c80b771181b3aa
